Let p(t) = -t**2 + 18*t - 13. Let d be p(17). What is i(d)?
-8
Suppose -4*t - 7 = z, 5*z - 4 = t + 3. Let h(f) = 2*f**2 + 2*f + 4. Let j be h(t). Let s(i) = -i - 2. Give s(j).
-10
Let x(h) = h**2. Let w(b) = -b**3 - 4*b**2 + 10*b + 2. Let y(d) = w(d) - 4*x(d). Let z be (-3)/(-1)*(-14)/(-21). Suppose 0*v = -z*v - 18. Calculate y(v).
-7
Let w(o) = -o - 9. Let u(i) be the first derivative of i**2 + 19*i - 53. Let f(c) = 6*u(c) + 14*w(c). Let x = 1 - 10. What is f(x)?
6
Let g(l) be the first derivative of l**4/12 + l**3/2 + 2*l**2 - 152*l - 139. Let k(s) be the first derivative of g(s). Calculate k(-3).
4
Let f(d) = 23 + 199*d - 63*d - 65*d + 16 - 69*d. Calculate f(10).
59
Let q(a) = 2*a + 6. Let r(s) = 3*s + 12. Let b(j) = 5*q(j) - 3*r(j). Determine b(0).
-6
Let n(i) = 30*i + 227. Let k = 10924 - 10931. Determine n(k).
17
Suppose -4*i = 5*h - 24, h - 4 = 4*i - h. Let z(u) be the third derivative of 8*u**5/15 - u**4/12 + u**3/6 + 396*u**2. Determine z(i).
31
Let v(m) = 13*m + 13. Let h(i) = -2*i - 1. Let q(s) = s**2 + 3*s - 17. Let y be q(-6). Let x(w) = y*v(w) + 5*h(w). Give x(-9).
-19
Suppose -5 + 1 = 2*w. Let d(a) = a**3 + 53*a**2 + a + 60. Let n be d(-53). Let x = n + w. Let k(s) = -s**3 + 5*s**2 + s - 6. What is k(x)?
-1
Let d(g) = -g**3 - 5*g**2 + 7*g + 35. Let u be 3102/(-594) - 8/(-36). Calculate d(u).
0
Let p(q) be the first derivative of q - 2*q**2 - 153 - 2/3*q**3. Suppose -8 = 5*x + 7. Determine p(x).
-5
Let l(r) = -4*r**2 + 8*r + 6. Let s(j) = 18*j**2 - 34*j - 25. Let p(b) = -17*l(b) - 4*s(b). What is p(1)?
-6
Let f(q) = -19*q - 163. Let j be f(-9). Let k(c) = -c**3 + 8*c**2 - c - 4. Determine k(j).
-12
Let v = 2765 + -2762. Let o(h) = h**2 - h. Let i(z) = 3*z**2 + 3. Let b(s) = i(s) - o(s). Determine b(v).
24
Let b(k) be the second derivative of -k**4/4 - 5*k**3/6 - 5*k**2/2 - 4424*k. What is b(-3)?
-17
Let p(i) = -4*i + 3702 - 1237 - 1247 - 1257. Determine p(-8).
-7
Let j = -5073 + 5077. Let y(d) = -d**3 + 3*d**2 + 3*d + 3. Calculate y(j).
-1
Let j = 348 + -158. Let q(p) = -j*p**2 + 374*p**2 - 4 - 4*p - 185*p**2. What is q(-5)?
-9
Suppose -14*c + 43 - 1 = 0. Suppose 5*p + j = 4*p, -c*j - 6 = p. Let s(v) = v - 3. Determine s(p).
0
Let s(g) be the third derivative of g**4/12 - 43*g**3/6 + g**2 - 509. Determine s(19).
-5
Let t(d) = 126 - 525 + 127 + 125 - d + 137. Calculate t(-3).
-7
Let q be (-4)/16 + 0 + 27/12. Let h(s) = -6 - 5*s**q + 8*s - s**3 + 7*s**2 - 5*s. Determine h(3).
-6
Let h(s) = s**3 - 3*s**2 - 3*s - 3. Let x be h(4). Suppose x = v - 3. Let f be (-18)/v - 12/8. Let u(i) = -i - 4. Calculate u(f).
2
Let u(i) = 2*i**3 - 29*i + 46. Let j be u(2). Let d(a) = -a**3 + 4*a**2 + 3*a - 8. Calculate d(j).
4
Suppose -36*w + 39*w = 3*d - 54, -2*w + 3*d = 39. Let f(h) = 16*h**2 - 39*h - 43. Let a(x) = 7*x**2 - 19*x - 19. Let r(z) = -9*a(z) + 4*f(z). Give r(w).
-1
Suppose 3 = -2*x - 2*x + 5*a, -2*x + 5*a = 9. Let z(j) = -6 + 11 + x - 5 - 9*j - 4. Calculate z(1).
-10
Let q = -370 - -364. Let c(t) be the third derivative of -t**4/12 - 3*t**3/2 + t**2. Give c(q).
3
Let r(u) = -2*u**3 + 3*u**2 - 4*u + 3. Let q(y) = -y**3 + 3*y**2 - 11*y + 7. Let s be q(5). Let l be 14/s*28/(-2). What is r(l)?
-9
Let j(g) = g + 3. Let y(f) = -f**3 - 22*f**2 - 4*f - 84. Let u be y(-22). Suppose u*i = 3*i - 6. Calculate j(i).
-3
Let t(v) = -14*v**2 + 4*v + 11. Let a(l) = 4*l + 5*l**2 - 4 - 2*l - 3*l. Let j(o) = 17*a(o) + 6*t(o). Suppose 104*b = 119 - 847. Give j(b).
-2
Suppose 4*l + 31 = -3*m, 0*l + 2*m = -2*l - 18. Let g be (1 - 4) + 24/(0 - l). Let i(c) = 3*c**g - 7*c**2 - 4*c**3 + 22*c - 4 - 7 - 16*c. Determine i(-8).
5
Let v(o) = 1944*o - 55 - 3909*o + 1942*o. What is v(-3)?
14
Let t = -119 - -146. Suppose -t*r + 16*r = -55. Let i(o) = 4*o**2 + o + 8. Let j(n) = n**2 + 1. Let z(q) = -i(q) + 5*j(q). Calculate z(r).
17
Let c = 30439 + -30430. Let h(s) be the first derivative of -s**3/3 + 9*s**2/2 + 2*s + 1. Give h(c).
2
Let o be ((-10)/(-8))/(-9 - 245/(-28)). Let j(x) be the second derivative of x**5/20 + x**4/3 - x**3 + 2*x**2 - 3*x - 9. Calculate j(o).
9
Let y(l) = -l**2 - 11*l - 16. Let b(x) = 11*x + 15. Let v(a) = -23*a + 113. Let i be v(5). Let j be b(i). What is y(j)?
12
Let q(h) = -6*h**2 - 4*h - 11. Let a(t) = t**2 - t + 3. Let k(o) = 2*a(o) + q(o). Calculate k(-5).
-75
Let w(o) be the second derivative of -o**5/20 + 25*o**4/12 - 15*o**3/2 - 3*o**2 - 614*o - 1. Determine w(23).
17
Let z(o) be the first derivative of o**4/2 + o**3 - o**2/2 - 2*o + 5. Suppose 6*u - 11 - 25 = 0. Let r be (-2)/u*(0 + 0 + 6). Calculate z(r).
-4
Let g(k) be the first derivative of k**2/2 - 4*k - 1987. Calculate g(13).
9
Let n(g) = -2. Let b(y) = y**2 - 3*y - 61. Let z(v) = -b(v) - 7*n(v). Calculate z(-7).
5
Suppose -21*t + 1482 = 5*t. Let m be (38/t)/(2/(-3)). Let r(s) = -s + 1. Give r(m).
2
Let c(r) be the second derivative of -r**5/20 + 5*r**4/12 - r**3/2 + 2*r**2 + 19*r. Let u be (2016/(-60))/(-14)*(-5)/(-3). Determine c(u).
8
Let n be -23*15/(-12 - -7). Let w = 81 - n. Let q(h) = -h**2 + 12*h + 8. Calculate q(w).
8
Let n(o) be the second derivative of o**3/6 - 20*o**2 - 2110*o. Calculate n(23).
-17
Let w(a) = 25 + 13 - 8 - 7*a - 1 + 1. Give w(2).
16
Let m(z) = -52*z + 1315. Let g be m(25). Let s(x) = x**3 - 17*x**2 + 30*x - 7. Calculate s(g).
-7
Let t(k) = 33*k**3 - 6*k**2 + 5*k - 29. Let x(v) = 163*v**3 - 31*v**2 + 27*v - 155. Let h(s) = 16*t(s) - 3*x(s). Determine h(1).
36
Let k = 4600 - 4588. Let f(y) be the first derivative of y**2/2 - 7*y + 3. Determine f(k).
5
Let p be (-40)/(-580) + 350/(-29). Let j(k) = k**3 + 12*k**2 + 4. Determine j(p).
4
Let i = -3 - 0. Let f(x) = 1291*x**2 - 2*x - 660*x**2 - 632*x**2 - 2. Determine f(i).
-5
Let m(t) = t**2 + 3*t + 2. Suppose 0 = -2*s + s - 5*p + 33, 0 = 2*s + 3*p - 66. Let k = -35 + s. Determine m(k).
0
Let j(v) = v**2 - 11*v - 8. Let c be (4*4/4)/1. Suppose 65 = 5*m + 18*d - 16*d, 0 = -4*m - c*d + 64. Calculate j(m).
-8
Let d(a) = -167*a - 1027. Let i be d(-6). Let j(z) = z**2 + 28*z + 49. Calculate j(i).
-26
Let s(k) = k**2 + 6*k + 14. Suppose -24*p + 33 = -97*p - 259. Give s(p).
6
Let s(b) = -b - 9. Let q(o) = o + 1. Let c(v) = -2*q(v) - s(v). Suppose 0 = -28*n + 41*n - 65. Suppose 3*h - n*k + 7 = 51, -3*h = 5*k - 4. Determine c(h).
-1
Let j be (-4 + -6*2)*(-18 + 17). Let t(b) = b + 2. Calculate t(j).
18
Let n be (-3 - 12/(-9))/((-140)/1512). Suppose -f + 22 = -19*j + 23*j, -4*j + f = -n. Let b(a) = a**3 - 5*a**2 - 4. Determine b(j).
-4
Let z(p) be the second derivative of p**3/6 + 5*p**2/2 - 128*p - 5. What is z(-23)?
-18
Suppose -f + 98 - 78 = 0. Let s be 5/(f/(-6))*(-32)/24. Let b(v) = -v + 6. What is b(s)?
4
Let m be (-56)/(-6)*(-63)/(-12). Let v be (-93)/(-21) - 21/m. Let r(p) = -p**2 + 4*p - 6. Calculate r(v).
-6
Suppose 0*z + 4*z = 24. Let c be (-6)/((z/4)/(15 + -18)). Let o(q) = 2*q - 20. Determine o(c).
4
Let x(a) = 77334*a + 10 - 38670*a - 38665*a. What is x(15)?
-5
Suppose 2*g + 46 = 4*n + 4*g, 3*n - 5*g - 54 = 0. Let t(d) = 23*d**2 - 11 + 3 - 9*d**2 - 13*d - 13*d**2. Give t(n).
-8
Let r(t) = -2*t**3 - 3*t**2 + 1. Let o(p) = -19*p**3 + 14*p**2 + p - 36. Let g(u) = -o(u) + 9*r(u). Calculate g(41).
4
Let r(c) = 2*c**2 - 8*c - 6. Let k be (-21)/(-7)*(12/9 + 0). Let u be k/26 + 39318/(-39). Let d be u/(-162) + 2/(-9). Calculate r(d).
18
Let b(j) = -773 - 13*j + 77*j + 763 + 75*j + 14*j**2. Determine b(-10).
0
Let o(q) = q + 2. Let v(a) = a**2 - 10*a + 12. Let m be v(11). Let y = 24 - m. Let n be o(y). Let i(t) = 2*t. Calculate i(n).
6
Suppose 22 - 6 = 2*p. Let m(u) = -131*u**2 + 39 - 17 - 17 + 6*u + 130*u**2. What is m(p)?
-11
Let h(b) = -b**3 - 3*b**2 - 4*b - 4. Let n be (12/(-66) - 171/(-33)) + -1. Suppose 533 = n*z + 545. Determine h(z).
8
Let w(b) be the first derivative of b**4/4 - b**3 - b**2 - 2493. Calculate w(-1).
-2
Let g(d) = -d**2 - 51*d + 399. Let u be g(7). Let x(t) = -t**2 - 12*t - 26. What is x(u)?
9
Let l be 9 + 1/(4/28). Suppose l*u - 2 = 14*u. Let g(y) be the third derivative of 3*y**4/8 - y**2. Determine g(u).
9
Let k(h) = 121*h + 836. Let v be k(-7). Let y(l) = -l**2 - 8*l + 3. Calculate y(v).
-30
Let n(l) be the third derivative of -l**6/120 + 2*l**5/15 - 5*l**4/12 + 11*l**3/3 - 55*l**2 + 2*l. Determine n(7).
1
Let t be -6*(-3)/24*24/3. Let j(z) = -z**3 + z - 1. Let a(v) = -6*v**3 + 6*v